7 and 3809.
293
Calculate the highest common factor of 408672 and 972.
108
What is the highest common divisor of 1266 and 222?
6
What is the greatest common factor of 31552 and 157216?
544
What is the highest common divisor of 1425684 and 312?
156
Calculate the highest common divisor of 69890 and 116.
58
What is the highest common factor of 482 and 1286699?
241
What is the highest common factor of 51 and 410295?
51
What is the highest common divisor of 36 and 1256868?
36
Calculate the greatest common divisor of 32 and 3257696.
32
What is the greatest common divisor of 1538 and 384?
2
Calculate the highest common divisor of 97734 and 1131.
39
Calculate the greatest common divisor of 26 and 6390514.
26
What is the greatest common divisor of 2570 and 1600?
10
What is the highest common factor of 15566 and 39820?
362
What is the greatest common divisor of 312 and 30?
6
What is the greatest common divisor of 19748 and 8?
4
What is the greatest common factor of 194358 and 174?
174
Calculate the greatest common factor of 26320 and 840.
280
Calculate the highest common factor of 37257 and 891.
33
What is the greatest common divisor of 104475 and 35?
35
What is the greatest common divisor of 35 and 455105?
35
What is the greatest common divisor of 64507 and 514?
257
What is the highest common divisor of 2748 and 384?
12
What is the highest common factor of 11685 and 12825?
285
Calculate the greatest common divisor of 127 and 1408938.
127
Calculate the highest common divisor of 444 and 4795311.
111
What is the highest common divisor of 864 and 7732?
4
Calculate the highest common divisor of 1657234 and 464.
58
What is the highest common factor of 33507 and 49713?
219
Calculate the highest common divisor of 1005 and 621.
3
What is the highest common factor of 214307 and 41?
41
Calculate the greatest common factor of 108 and 3262824.
36
What is the greatest common divisor of 632709 and 2772?
693
What is the greatest common factor of 4264 and 338?
26
Calculate the highest common divisor of 23208766 and 266.
266
Calculate the highest common factor of 12922 and 156058.
994
What is the highest common divisor of 253957 and 11?
11
What is the highest common factor of 635022 and 36?
18
Calculate the highest common factor of 508690 and 20.
10
What is the highest common factor of 6839 and 224?
7
Calculate the highest common divisor of 623 and 203.
7
Calculate the highest common factor of 1057445 and 10.
5
Calculate the greatest common factor of 1769778 and 18.
18
Calculate the highest common divisor of 816 and 978.
6
What is the highest common divisor of 108 and 11388?
12
Calculate the greatest common divisor of 105 and 1584065.
35
Calculate the highest common factor of 431 and 2475233.
431
Calculate the highest common factor of 238660 and 460.
20
Calculate the greatest common divisor of 118854 and 372.
186
What is the highest common divisor of 132 and 47844?
12
What is the greatest common factor of 455 and 245?
35
What is the greatest common factor of 167478 and 26574?
618
Calculate the greatest common factor of 4056 and 648.
24
Calculate the greatest common factor of 2421392 and 48.
16
What is the highest common divisor of 2246341 and 2901?
967
What is the greatest common divisor of 12129 and 1365?
39
What is the highest common divisor of 2328 and 3095464?
776
Calculate the highest common divisor of 5 and 1000.
5
What is the greatest common factor of 118 and 97114?
118
Calculate the highest common divisor of 620 and 614420.
620
Calculate the greatest common factor of 847 and 187957.
77
What is the greatest common factor of 610291 and 264?
11
What is the highest common divisor of 87160 and 88?
8
Calculate the highest common divisor of 147 and 3945.
3
Calculate the greatest common factor of 1682 and 5510.
58
What is the highest common factor of 4101564 and 24?
12
Calculate the greatest common factor of 937 and 31.
1
What is the highest common factor of 58529 and 107?
107
Calculate the greatest common divisor of 167494 and 166.
166
Calculate the greatest common divisor of 58464 and 5544.
504
Calculate the highest common factor of 25024 and 884.
68
Calculate the greatest common factor of 1189 and 28659.
41
Calculate the highest common divisor of 2973 and 30.
3
Calculate the highest common divisor of 2266 and 286.
22
What is the greatest common divisor of 1367 and 1?
1
What is the highest common divisor of 539 and 10746043?
539
Calculate the highest common factor of 380 and 4788.
76
What is the highest common divisor of 99920 and 32?
16
Calculate the highest common factor of 195024 and 24.
24
What is the greatest common factor of 6 and 45324?
6
What is the highest common factor of 3078 and 714?
6
What is the highest common factor of 670 and 17018?
134
Calculate the highest common divisor of 42 and 196266.
42
What is the greatest common divisor of 16712 and 240?
8
What is the highest common divisor of 50607 and 153?
9
Calculate the greatest common factor of 4118 and 290.
58
Calculate the highest common divisor of 23307 and 493.
17
Calculate the highest common factor of 225138 and 314.
314
Calculate the highest common divisor of 1258 and 1139.
17
What is the greatest common factor of 29439 and 18?
9
Calculate the greatest common factor of 13 and 240656.
13
What is the highest common factor of 92563 and 613?
613
What is the greatest common divisor of 191 and 1477767?
191
What is the highest common factor of 25064 and 5543?
241
What is the greatest common divisor of 629 and 3207271?
629
Calculate the greatest common factor of 363113 and 447.
149
What is the greatest common divisor of 265497 and 30?
3
Calculate the greatest common factor of 206719 and 151.
151
What is the greatest common divisor of 1714009 and 152?
19
Calculate the greatest common divisor of 5544 and 352.
88
What is the greatest common factor of 29014 and 1958?
178
What is the greatest common divisor of 2239069 and 707?
707
Calculate the greatest common divisor of 3551688 and 126.
126
What is the highest common divisor of 39550 and 42?
14
Calculate the greatest common factor of 4617 and 33.
3
What is the greatest common factor of 185546 and 339?
113
What is the greatest common divisor of 328 and 29224?
8
What is the highest common divisor of 2148934 and 282?
94
Calculate the greatest common divisor of 56 and 2836.
4
Calculate the greatest common divisor of 1395 and 13830.
15
Calculate the greatest common divisor of 96168 and 696.
24
Calculate the highest common divisor of 612 and 12393.
153
What is the highest common divisor of 147 and 4606?
49
Calculate the highest common factor of 176 and 113014.
22
What is the greatest common divisor of 159354 and 30186?
702
Calculate the highest common factor of 88579 and 2504.
313
What is the greatest common factor of 226 and 384200?
226
What is the highest common divisor of 37 and 24383?
37
Calculate the greatest common divisor of 1554712 and 372.
124
What is the greatest common factor of 6 and 872664?
6
What is the highest common divisor of 3278 and 22350?
298
What is the greatest common divisor of 805 and 1168285?
115
Calculate the highest common divisor of 97678 and 56.
14
What is the greatest common factor of 23 and 600737?
23
Calculate the greatest common factor of 950 and 1025.
25
Calculate the highest common divisor of 2296 and 5698.
14
What is the greatest common factor of 4880 and 248?
8
What is the greatest common factor of 21562 and 4?
2
What is the highest common divisor of 3133802 and 28?
14
Calculate the greatest common divisor of 1404 and 17208.
36
What is the greatest common divisor of 358 and 11518113?
179
What is the greatest common factor of 16104666 and 38?
38
Calculate the highest common factor of 35 and 49090.
5
What is the highest common factor of 132015 and 325?
65
What is the greatest common factor of 32 and 185312?
32
What is the greatest common divisor of 660 and 46068?
132
What is the highest common divisor of 14807474 and 814?
814
Calculate the highest common divisor of 30 and 218445.
15
What is the highest common factor of 1209160 and 57?
19
What is the highest common divisor of 3076 and 12?
4
What is the greatest common divisor of 755 and 580?
5
What is the highest common divisor of 8836 and 144?
4
Calculate the greatest common di